 common factor of 708 and 744.
12
What is the highest common divisor of 938 and 3164?
14
What is the greatest common factor of 1 and 105261?
1
What is the greatest common divisor of 9812 and 5575?
223
What is the highest common divisor of 50000 and 250?
250
Calculate the highest common divisor of 5657950 and 50.
50
Calculate the greatest common divisor of 216 and 2422008.
216
Calculate the greatest common factor of 96 and 3184.
16
Calculate the highest common factor of 1196 and 47892.
52
What is the highest common divisor of 208 and 3172?
52
Calculate the highest common factor of 117208 and 1495.
299
Calculate the highest common divisor of 584 and 768.
8
What is the highest common divisor of 966 and 173466?
138
What is the highest common factor of 16 and 1262704?
16
What is the greatest common divisor of 3813 and 2325?
93
What is the highest common divisor of 7378 and 1953?
217
What is the greatest common divisor of 204 and 1068960?
204
What is the highest common factor of 80 and 9554400?
80
Calculate the highest common divisor of 21 and 309981.
21
What is the highest common factor of 1410053 and 1?
1
Calculate the highest common divisor of 97069 and 11603.
283
What is the greatest common factor of 158101 and 740?
37
What is the highest common divisor of 142 and 157478?
142
What is the highest common divisor of 141 and 47235?
141
What is the highest common factor of 73764 and 18576?
108
Calculate the greatest common divisor of 255 and 267.
3
What is the highest common factor of 8995 and 56?
7
Calculate the greatest common divisor of 53066 and 2821.
13
Calculate the highest common divisor of 70824 and 12.
12
What is the highest common divisor of 881599 and 37?
37
What is the greatest common divisor of 3575 and 16159?
143
Calculate the highest common divisor of 245 and 202223.
49
What is the greatest common divisor of 113 and 40793?
113
Calculate the highest common factor of 14 and 2282098.
14
What is the highest common divisor of 4082 and 338?
26
What is the greatest common factor of 869 and 36577?
79
Calculate the greatest common divisor of 39240 and 11160.
360
Calculate the highest common factor of 2867328 and 18.
18
What is the greatest common factor of 128 and 92240?
16
What is the greatest common factor of 1425 and 1254?
57
What is the highest common factor of 252 and 1022?
14
Calculate the highest common factor of 405 and 104205.
15
What is the highest common factor of 2744698 and 22?
22
What is the highest common divisor of 6219381 and 21?
21
What is the greatest common factor of 1697040 and 480?
240
Calculate the greatest common factor of 906176 and 224.
32
Calculate the greatest common divisor of 36 and 6399.
9
What is the greatest common factor of 19935 and 675?
45
What is the highest common divisor of 1890 and 910?
70
What is the highest common factor of 3553 and 20672?
323
What is the highest common factor of 715 and 20280?
65
What is the highest common factor of 1524 and 8255?
127
What is the highest common divisor of 1153406 and 4?
2
What is the greatest common factor of 4597 and 8?
1
Calculate the greatest common divisor of 8 and 5925.
1
Calculate the greatest common divisor of 444 and 782106.
222
What is the greatest common divisor of 1278 and 15194?
142
Calculate the greatest common factor of 19120 and 800.
80
Calculate the highest common factor of 4124 and 80.
4
What is the greatest common divisor of 19519 and 16092?
149
What is the greatest common divisor of 296 and 17131?
37
Calculate the greatest common divisor of 320 and 33040.
80
What is the highest common factor of 23676 and 216?
12
Calculate the highest common divisor of 321 and 12733.
107
Calculate the highest common divisor of 36 and 60468.
12
Calculate the greatest common factor of 1981 and 371.
7
Calculate the highest common divisor of 78 and 15954.
6
Calculate the greatest common factor of 735614 and 4466.
638
Calculate the highest common factor of 459 and 1404.
27
Calculate the highest common factor of 1649 and 22213.
97
Calculate the highest common divisor of 504252 and 812.
812
Calculate the highest common factor of 2002 and 1887522.
182
Calculate the greatest common divisor of 6080 and 3230.
190
Calculate the highest common divisor of 56318 and 116.
58
What is the highest common factor of 327113 and 219?
73
What is the greatest common divisor of 10409 and 3297?
7
Calculate the greatest common factor of 742 and 19054.
14
Calculate the greatest common divisor of 31004 and 368.
92
Calculate the highest common factor of 48510 and 1260.
630
Calculate the highest common factor of 54 and 2272833.
27
Calculate the highest common divisor of 46020 and 16.
4
What is the highest common divisor of 555 and 20831?
37
What is the highest common factor of 126 and 6507?
9
Calculate the highest common divisor of 966 and 20148.
138
Calculate the greatest common factor of 210 and 214554.
6
What is the greatest common factor of 27999 and 666791?
1037
Calculate the highest common divisor of 873 and 4735152.
873
What is the greatest common factor of 2610 and 45530?
290
Calculate the greatest common factor of 39 and 38883.
39
What is the highest common divisor of 27999 and 22509?
549
Calculate the greatest common factor of 988 and 9022.
26
What is the highest common factor of 482 and 282934?
482
Calculate the greatest common factor of 41 and 164861.
41
What is the highest common divisor of 42432 and 15249?
663
Calculate the greatest common factor of 54 and 394488.
18
What is the highest common divisor of 1110 and 1525?
5
Calculate the greatest common divisor of 10 and 104570.
10
Calculate the greatest common factor of 441 and 3241742.
49
Calculate the greatest common divisor of 7 and 1086918.
7
What is the highest common factor of 942389 and 427?
427
What is the greatest common factor of 64 and 564136?
8
Calculate the greatest common divisor of 210821 and 26.
13
Calculate the greatest common factor of 40290 and 3060.
510
Calculate the greatest common divisor of 136721 and 3236.
809
What is the greatest common divisor of 1456 and 10894?
26
Calculate the greatest common divisor of 42790 and 130.
10
Calculate the greatest common factor of 8 and 5354.
2
What is the highest common divisor of 902700 and 1836?
612
Calculate the greatest common factor of 5284576 and 88.
88
What is the greatest common divisor of 60995 and 15?
5
Calculate the greatest common divisor of 8860 and 4.
4
Calculate the greatest common divisor of 6560 and 1880.
40
Calculate the highest common divisor of 5958 and 13240.
662
What is the highest common factor of 5646276 and 36?
36
Calculate the highest common factor of 2231840 and 130.
130
What is the greatest common divisor of 2001 and 986?
29
What is the highest common divisor of 104 and 63128?
104
What is the highest common divisor of 882 and 14?
14
What is the highest common factor of 1695863 and 2847?
949
What is the greatest common divisor of 570 and 8?
2
Calculate the greatest common factor of 4174 and 16.
2
What is the highest common divisor of 5490 and 1005219?
549
What is the highest common divisor of 454052 and 8?
4
Calculate the highest common divisor of 46165 and 175.
35
What is the greatest common factor of 6479 and 410267?
209
Calculate the greatest common divisor of 2 and 1141700.
2
Calculate the greatest common divisor of 2287946 and 3272.
818
Calculate the greatest common divisor of 160 and 78720.
160
Calculate the greatest common factor of 29094 and 11936.
746
Calculate the greatest common divisor of 142560 and 14688.
864
What is the highest common divisor of 1614900 and 84?
84
What is the greatest common divisor of 11024 and 1096?
8
Calculate the greatest common factor of 261 and 19111.
29
Calculate the highest common factor of 28 and 65114.
14
What is the highest common divisor of 7329 and 357?
21
What is the highest common factor of 51 and 66351?
51
Calculate the greatest common factor of 28200 and 280.
40
Calculate the greatest common divisor of 1059 and 8825.
353
Calculate the highest common divisor of 222 and 13896.
6
What is the greatest common factor of 30 and 29010?
30
What is the greatest common divisor of 4071 and 10281?
69
What is the highest common factor of 2567010 and 2460?
1230
What is the greatest common factor of 2403567 and 27?
2